[INFO] cloning repository https://github.com/creativcoder/roger
[INFO] running `Command { std: "git" "-c" "credential.helper=" "-c" "credential.helper=/workspace/cargo-home/bin/git-credential-null" "clone" "--bare" "https://github.com/creativcoder/roger" "/workspace/cache/git-repos/https%3A%2F%2Fgithub.com%2Fcreativcoder%2Froger", kill_on_drop: false }`
[INFO] [stderr] Cloning into bare repository '/workspace/cache/git-repos/https%3A%2F%2Fgithub.com%2Fcreativcoder%2Froger'...
[INFO] running `Command { std: "git" "rev-parse" "HEAD", kill_on_drop: false }`
[INFO] [stdout] b77b023c44dc349d4bae29db5f7fedf573a96041
[INFO] checking creativcoder/roger against master#af3c6e733a40e671550e0f0f5aeecaa13772ba56 for pr-74989
[INFO] running `Command { std: "git" "clone" "/workspace/cache/git-repos/https%3A%2F%2Fgithub.com%2Fcreativcoder%2Froger" "/workspace/builds/worker-0/source", kill_on_drop: false }`
[INFO] [stderr] Cloning into '/workspace/builds/worker-0/source'...
[INFO] [stderr] done.
[INFO] validating manifest of git repo https://github.com/creativcoder/roger on toolchain af3c6e733a40e671550e0f0f5aeecaa13772ba56
[INFO] running `Command { std: "/workspace/cargo-home/bin/cargo" "+af3c6e733a40e671550e0f0f5aeecaa13772ba56" "read-manifest" "--manifest-path" "Cargo.toml", kill_on_drop: false }`
[INFO] started tweaking git repo https://github.com/creativcoder/roger
[INFO] finished tweaking git repo https://github.com/creativcoder/roger
[INFO] tweaked toml for git repo https://github.com/creativcoder/roger written to /workspace/builds/worker-0/source/Cargo.toml
[INFO] crate git repo https://github.com/creativcoder/roger already has a lockfile, it will not be regenerated
[INFO] running `Command { std: "/workspace/cargo-home/bin/cargo" "+af3c6e733a40e671550e0f0f5aeecaa13772ba56" "fetch" "--locked" "--manifest-path" "Cargo.toml", kill_on_drop: false }`
[INFO] [stderr]     Blocking waiting for file lock on package cache
[INFO] [stderr] error: the lock file /workspace/builds/worker-0/source/Cargo.lock needs to be updated but --locked was passed to prevent this
[INFO] [stderr] If you want to try to generate the lock file without accessing the network, use the --offline flag.
[INFO] the lockfile is outdated, regenerating it
[INFO] running `Command { std: "/workspace/cargo-home/bin/cargo" "+af3c6e733a40e671550e0f0f5aeecaa13772ba56" "generate-lockfile" "--manifest-path" "Cargo.toml" "-Zno-index-update", kill_on_drop: false }`
[INFO] [stderr]     Blocking waiting for file lock on package cache
[INFO] [stderr]     Updating git repository `https://github.com/nickel-org/nickel.rs.git`
[INFO] running `Command { std: "/workspace/cargo-home/bin/cargo" "+af3c6e733a40e671550e0f0f5aeecaa13772ba56" "fetch" "--locked" "--manifest-path" "Cargo.toml", kill_on_drop: false }`
[INFO] [stderr]     Blocking waiting for file lock on package cache
[INFO] [stderr]     Blocking waiting for file lock on package cache
[INFO] running `Command { std: "docker" "create" "-v" "/var/lib/crater-agent-workspace/builds/worker-0/target:/opt/rustwide/target:rw,Z" "-v" "/var/lib/crater-agent-workspace/builds/worker-0/source:/opt/rustwide/workdir:ro,Z" "-v" "/var/lib/crater-agent-workspace/cargo-home:/opt/rustwide/cargo-home:ro,Z" "-v" "/var/lib/crater-agent-workspace/rustup-home:/opt/rustwide/rustup-home:ro,Z" "-e" "SOURCE_DIR=/opt/rustwide/workdir" "-e" "CARGO_TARGET_DIR=/opt/rustwide/target" "-e" "CARGO_HOME=/opt/rustwide/cargo-home" "-e" "RUSTUP_HOME=/opt/rustwide/rustup-home" "-w" "/opt/rustwide/workdir" "-m" "1610612736" "--user" "0:0" "--network" "none" "rustops/crates-build-env@sha256:d92eaeed33fa75130ca1ee6c8a01d1ffb62bac859dfdfb3450e3e5d1c0146529" "/opt/rustwide/cargo-home/bin/cargo" "+af3c6e733a40e671550e0f0f5aeecaa13772ba56" "metadata" "--no-deps" "--format-version=1", kill_on_drop: false }`
[INFO] [stdout] 239786aa59bfc1c628257b27383cec2b8bcb1175d23cda9546feeb66c2e16989
[INFO] [stderr] WARNING: Your kernel does not support swap limit capabilities or the cgroup is not mounted. Memory limited without swap.
[INFO] running `Command { std: "docker" "start" "-a" "239786aa59bfc1c628257b27383cec2b8bcb1175d23cda9546feeb66c2e16989", kill_on_drop: false }`
[INFO] running `Command { std: "docker" "inspect" "239786aa59bfc1c628257b27383cec2b8bcb1175d23cda9546feeb66c2e16989", kill_on_drop: false }`
[INFO] running `Command { std: "docker" "rm" "-f" "239786aa59bfc1c628257b27383cec2b8bcb1175d23cda9546feeb66c2e16989", kill_on_drop: false }`
[INFO] [stdout] 239786aa59bfc1c628257b27383cec2b8bcb1175d23cda9546feeb66c2e16989
[INFO] running `Command { std: "docker" "create" "-v" "/var/lib/crater-agent-workspace/builds/worker-0/target:/opt/rustwide/target:rw,Z" "-v" "/var/lib/crater-agent-workspace/builds/worker-0/source:/opt/rustwide/workdir:ro,Z" "-v" "/var/lib/crater-agent-workspace/cargo-home:/opt/rustwide/cargo-home:ro,Z" "-v" "/var/lib/crater-agent-workspace/rustup-home:/opt/rustwide/rustup-home:ro,Z" "-e" "SOURCE_DIR=/opt/rustwide/workdir" "-e" "CARGO_TARGET_DIR=/opt/rustwide/target" "-e" "CARGO_INCREMENTAL=0" "-e" "RUST_BACKTRACE=full" "-e" "RUSTFLAGS=--cap-lints=forbid" "-e" "CARGO_HOME=/opt/rustwide/cargo-home" "-e" "RUSTUP_HOME=/opt/rustwide/rustup-home" "-w" "/opt/rustwide/workdir" "-m" "1610612736" "--user" "0:0" "--network" "none" "rustops/crates-build-env@sha256:d92eaeed33fa75130ca1ee6c8a01d1ffb62bac859dfdfb3450e3e5d1c0146529" "/opt/rustwide/cargo-home/bin/cargo" "+af3c6e733a40e671550e0f0f5aeecaa13772ba56" "check" "--frozen" "--all" "--all-targets" "--message-format=json", kill_on_drop: false }`
[INFO] [stdout] 57f8be570daaa394737b4907bf8a0404193f19bf8941ec691b4ee040472a6805
[INFO] [stderr] WARNING: Your kernel does not support swap limit capabilities or the cgroup is not mounted. Memory limited without swap.
[INFO] running `Command { std: "docker" "start" "-a" "57f8be570daaa394737b4907bf8a0404193f19bf8941ec691b4ee040472a6805", kill_on_drop: false }`
[INFO] [stderr]    Compiling libc v0.2.77
[INFO] [stderr]    Compiling log v0.4.11
[INFO] [stderr]    Compiling autocfg v1.0.1
[INFO] [stderr]    Compiling byteorder v1.3.4
[INFO] [stderr]    Compiling memchr v2.3.3
[INFO] [stderr]    Compiling serde v1.0.116
[INFO] [stderr]     Checking lazy_static v1.4.0
[INFO] [stderr]     Checking tinyvec v0.3.4
[INFO] [stderr]    Compiling httparse v1.3.4
[INFO] [stderr]    Compiling ryu v1.0.5
[INFO] [stderr]     Checking slab v0.4.2
[INFO] [stderr]    Compiling serde_json v1.0.57
[INFO] [stderr]     Checking safemem v0.3.3
[INFO] [stderr]    Compiling bitflags v1.2.1
[INFO] [stderr]     Checking itoa v0.4.6
[INFO] [stderr]     Checking regex-syntax v0.6.18
[INFO] [stderr]     Checking pin-project-lite v0.1.7
[INFO] [stderr]     Checking bytes v0.5.6
[INFO] [stderr]     Checking language-tags v0.2.2
[INFO] [stderr]     Checking futures-core v0.3.5
[INFO] [stderr]     Checking thread_local v1.0.1
[INFO] [stderr]     Checking unicode-normalization v0.1.13
[INFO] [stderr]    Compiling num-traits v0.2.12
[INFO] [stderr]    Compiling num-integer v0.1.43
[INFO] [stderr]     Checking log v0.3.9
[INFO] [stderr]     Checking mime v0.2.6
[INFO] [stderr]     Checking aho-corasick v0.7.13
[INFO] [stderr]     Checking base64 v0.9.3
[INFO] [stderr]     Checking net2 v0.2.35
[INFO] [stderr]     Checking iovec v0.1.4
[INFO] [stderr]     Checking time v0.1.44
[INFO] [stderr]     Checking num_cpus v1.13.0
[INFO] [stderr]     Checking inotify-sys v0.1.3
[INFO] [stderr]     Checking idna v0.1.5
[INFO] [stderr]     Checking mio v0.6.22
[INFO] [stderr]     Checking chrono v0.4.15
[INFO] [stderr]     Checking url v1.7.2
[INFO] [stderr]     Checking regex v1.3.9
[INFO] [stderr]     Checking tokio v0.2.22
[INFO] [stderr]     Checking hyper v0.10.16
[INFO] [stderr]     Checking inotify v0.8.3
[INFO] [stderr]     Checking mustache v0.9.0
[INFO] [stderr]     Checking nickel v0.11.0 (https://github.com/nickel-org/nickel.rs.git#f1388afc)
[INFO] [stderr]     Checking roger v0.1.0 (/opt/rustwide/workdir)
[INFO] [stdout] error[E0432]: unresolved import `inotify::INotify`
[INFO] [stdout]  --> src/server_events.rs:1:5
[INFO] [stdout]   |
[INFO] [stdout] 1 | use inotify::INotify;
[INFO] [stdout]   |     ^^^^^^^^^-------
[INFO] [stdout]   |     |        |
[INFO] [stdout]   |     |        help: a similar name exists in the module: `Inotify`
[INFO] [stdout]   |     no `INotify` in the root
[INFO] [stdout] 
[INFO] [stdout] 
[INFO] [stdout] error[E0432]: unresolved import `inotify::ffi`
[INFO] [stdout]  --> src/server_events.rs:2:14
[INFO] [stdout]   |
[INFO] [stdout] 2 | use inotify::ffi::*;
[INFO] [stdout]   |              ^^^ could not find `ffi` in `inotify`
[INFO] [stdout] 
[INFO] [stdout] 
[INFO] [stdout] error[E0425]: cannot find value `IN_MODIFY` in this scope
[INFO] [stdout]  --> src/server_events.rs:7:48
[INFO] [stdout]   |
[INFO] [stdout] 7 |     ino.add_watch(Path::new("/home/someuser"), IN_MODIFY | IN_CREATE | IN_DELETE).unwrap();
[INFO] [stdout]   |                                                ^^^^^^^^^ not found in this scope
[INFO] [stdout] 
[INFO] [stdout] 
[INFO] [stdout] error[E0425]: cannot find value `IN_CREATE` in this scope
[INFO] [stdout]  --> src/server_events.rs:7:60
[INFO] [stdout]   |
[INFO] [stdout] 7 |     ino.add_watch(Path::new("/home/someuser"), IN_MODIFY | IN_CREATE | IN_DELETE).unwrap();
[INFO] [stdout]   |                                                            ^^^^^^^^^ not found in this scope
[INFO] [stdout] 
[INFO] [stdout] 
[INFO] [stdout] error[E0425]: cannot find value `IN_DELETE` in this scope
[INFO] [stdout]  --> src/server_events.rs:7:72
[INFO] [stdout]   |
[INFO] [stdout] 7 |     ino.add_watch(Path::new("/home/someuser"), IN_MODIFY | IN_CREATE | IN_DELETE).unwrap();
[INFO] [stdout]   |                                                                        ^^^^^^^^^ not found in this scope
[INFO] [stdout] 
[INFO] [stdout] 
[INFO] [stdout] error[E0432]: unresolved import `inotify::INotify`
[INFO] [stdout]  --> src/server_events.rs:1:5
[INFO] [stdout]   |
[INFO] [stdout] 1 | use inotify::INotify;
[INFO] [stdout]   |     ^^^^^^^^^-------
[INFO] [stdout]   |     |        |
[INFO] [stdout]   |     |        help: a similar name exists in the module: `Inotify`
[INFO] [stdout]   |     no `INotify` in the root
[INFO] [stdout] 
[INFO] [stdout] 
[INFO] [stdout] error[E0432]: unresolved import `inotify::ffi`
[INFO] [stdout]  --> src/server_events.rs:2:14
[INFO] [stdout]   |
[INFO] [stdout] 2 | use inotify::ffi::*;
[INFO] [stdout]   |              ^^^ could not find `ffi` in `inotify`
[INFO] [stdout] 
[INFO] [stdout] 
[INFO] [stdout] error[E0425]: cannot find value `IN_MODIFY` in this scope
[INFO] [stdout]  --> src/server_events.rs:7:48
[INFO] [stdout]   |
[INFO] [stdout] 7 |     ino.add_watch(Path::new("/home/someuser"), IN_MODIFY | IN_CREATE | IN_DELETE).unwrap();
[INFO] [stdout]   |                                                ^^^^^^^^^ not found in this scope
[INFO] [stdout] 
[INFO] [stdout] 
[INFO] [stdout] error[E0425]: cannot find value `IN_CREATE` in this scope
[INFO] [stdout]  --> src/server_events.rs:7:60
[INFO] [stdout]   |
[INFO] [stdout] 7 |     ino.add_watch(Path::new("/home/someuser"), IN_MODIFY | IN_CREATE | IN_DELETE).unwrap();
[INFO] [stdout]   |                                                            ^^^^^^^^^ not found in this scope
[INFO] [stdout] 
[INFO] [stdout] 
[INFO] [stdout] error[E0425]: cannot find value `IN_DELETE` in this scope
[INFO] [stdout]  --> src/server_events.rs:7:72
[INFO] [stdout]   |
[INFO] [stdout] 7 |     ino.add_watch(Path::new("/home/someuser"), IN_MODIFY | IN_CREATE | IN_DELETE).unwrap();
[INFO] [stdout]   |                                                                        ^^^^^^^^^ not found in this scope
[INFO] [stdout] 
[INFO] [stdout] 
[INFO] [stdout] error[E0308]: mismatched types
[INFO] [stdout]   --> src/file_op.rs:12:14
[INFO] [stdout]    |
[INFO] [stdout] 12 |     f.write_all(timestamp);
[INFO] [stdout]    |                 ^^^^^^^^^ expected `&[u8]`, found struct `chrono::DateTime`
[INFO] [stdout]    |
[INFO] [stdout]    = note: expected reference `&[u8]`
[INFO] [stdout]                  found struct `chrono::DateTime<chrono::Local>`
[INFO] [stdout] 
[INFO] [stdout] 
[INFO] [stdout] error: aborting due to 6 previous errors
[INFO] [stdout] 
[INFO] [stdout] 
[INFO] [stdout] Some errors have detailed explanations: E0308, E0425, E0432.
[INFO] [stdout] 
[INFO] [stdout] For more information about an error, try `rustc --explain E0308`.
[INFO] [stdout] 
[INFO] [stderr] error: could not compile `roger`.
[INFO] [stderr] 
[INFO] [stderr] To learn more, run the command again with --verbose.
[INFO] [stderr] warning: build failed, waiting for other jobs to finish...
[INFO] [stdout] error[E0308]: mismatched types
[INFO] [stdout]   --> src/file_op.rs:12:14
[INFO] [stdout]    |
[INFO] [stdout] 12 |     f.write_all(timestamp);
[INFO] [stdout]    |                 ^^^^^^^^^ expected `&[u8]`, found struct `chrono::DateTime`
[INFO] [stdout]    |
[INFO] [stdout]    = note: expected reference `&[u8]`
[INFO] [stdout]                  found struct `chrono::DateTime<chrono::Local>`
[INFO] [stdout] 
[INFO] [stdout] 
[INFO] [stdout] error: aborting due to 6 previous errors
[INFO] [stdout] 
[INFO] [stdout] 
[INFO] [stdout] Some errors have detailed explanations: E0308, E0425, E0432.
[INFO] [stdout] 
[INFO] [stdout] For more information about an error, try `rustc --explain E0308`.
[INFO] [stdout] 
[INFO] [stderr] error: build failed
[INFO] running `Command { std: "docker" "inspect" "57f8be570daaa394737b4907bf8a0404193f19bf8941ec691b4ee040472a6805", kill_on_drop: false }`
[INFO] running `Command { std: "docker" "rm" "-f" "57f8be570daaa394737b4907bf8a0404193f19bf8941ec691b4ee040472a6805", kill_on_drop: false }`
[INFO] [stdout] 57f8be570daaa394737b4907bf8a0404193f19bf8941ec691b4ee040472a6805
